{"id":2543,"date":"2020-07-01T06:05:59","date_gmt":"2020-07-01T04:05:59","guid":{"rendered":"https:\/\/www.koenig-sylt.de\/immobilien\/?page_id=2543"},"modified":"2025-12-11T12:54:12","modified_gmt":"2025-12-11T11:54:12","slug":"luftaufnahmen","status":"publish","type":"page","link":"https:\/\/www.koenig-sylt.de\/immobilien\/eigentuemer\/luftaufnahmen\/","title":{"rendered":"Luftaufnahmen"},"content":{"rendered":"\t\t<div data-elementor-type=\"wp-post\" data-elementor-id=\"2543\" data-post-id=\"2543\" data-obj-id=\"2543\" class=\"elementor elementor-2543 dce-elementor-post-2543\">\n\t\t\t\t\t\t<div class=\"elementor-inner\">\n\t\t\t\t<div class=\"elementor-section-wrap\">\n\t\t\t\t\t\t\t\t\t<section data-dce-background-overlay-color=\"#000000\" data-dce-background-image-url=\"https:\/\/www.koenig-sylt.de\/immobilien\/wp-content\/uploads\/2021\/04\/nord-luftbild_Sylt_ELS_5204160817_Original-kommerz.-Nutzung-_0b0c169c_.jpg\" class=\"elementor-section elementor-top-section elementor-element elementor-element-29342fd elementor-section-boxed elementor-section-height-default elementor-section-height-default\" data-id=\"29342fd\" data-element_type=\"section\" data-settings=\"{&quot;background_background&quot;:&quot;classic&quot;}\">\n\t\t\t\t\t\t\t<div class=\"elementor-background-overlay\"><\/div>\n\t\t\t\t\t\t\t<div class=\"elementor-container elementor-column-gap-default\">\n\t\t\t\t\t\t\t<div class=\"elementor-row\">\n\t\t\t\t\t<div class=\"elementor-column elementor-col-100 elementor-top-column elementor-element elementor-element-1734f0df\" data-id=\"1734f0df\" data-element_type=\"column\">\n\t\t\t<div class=\"elementor-column-wrap elementor-element-populated\">\n\t\t\t\t\t\t\t<div class=\"elementor-widget-wrap\">\n\t\t\t\t\t\t<div class=\"elementor-element elementor-element-622b041 elementor-widget elementor-widget-heading\" data-id=\"622b041\" data-element_type=\"widget\" data-widget_type=\"heading.default\">\n\t\t\t\t<div class=\"elementor-widget-container\">\n\t\t\t<h1 class=\"elementor-heading-title elementor-size-default\">Erstklassige Luftaufnahmen <div> f\u00fcr mehr Kundeninteresse.<\/div><\/h1>\t\t<\/div>\n\t\t\t\t<\/div>\n\t\t\t\t\t\t<\/div>\n\t\t\t\t\t<\/div>\n\t\t<\/div>\n\t\t\t\t\t\t\t\t<\/div>\n\t\t\t\t\t<\/div>\n\t\t<\/section>\n\t\t\t\t<section class=\"elementor-section elementor-top-section elementor-element elementor-element-626cccef elementor-section-boxed elementor-section-height-default elementor-section-height-default\" data-id=\"626cccef\" data-element_type=\"section\">\n\t\t\t\t\t\t<div class=\"elementor-container elementor-column-gap-default\">\n\t\t\t\t\t\t\t<div class=\"elementor-row\">\n\t\t\t\t\t<div class=\"elementor-column elementor-col-100 elementor-top-column elementor-element elementor-element-4f9edd99\" data-id=\"4f9edd99\" data-element_type=\"column\">\n\t\t\t<div class=\"elementor-column-wrap elementor-element-populated\">\n\t\t\t\t\t\t\t<div class=\"elementor-widget-wrap\">\n\t\t\t\t\t\t<div class=\"elementor-element elementor-element-3711eecf elementor-widget elementor-widget-heading\" data-id=\"3711eecf\" data-element_type=\"widget\" data-widget_type=\"heading.default\">\n\t\t\t\t<div class=\"elementor-widget-container\">\n\t\t\t<h2 class=\"elementor-heading-title elementor-size-default\">MEHR DETAILS <\/h2>\t\t<\/div>\n\t\t\t\t<\/div>\n\t\t\t\t<div class=\"elementor-element elementor-element-25f6d94 beon-h4 elementor-widget elementor-widget-heading\" data-id=\"25f6d94\" data-element_type=\"widget\" data-widget_type=\"heading.default\">\n\t\t\t\t<div class=\"elementor-widget-container\">\n\t\t\t<h2 class=\"elementor-heading-title elementor-size-default\">aus der Vogelperspektive.<\/h2>\t\t<\/div>\n\t\t\t\t<\/div>\n\t\t\t\t<div class=\"elementor-element elementor-element-54b11193 elementor-widget elementor-widget-text-editor\" data-id=\"54b11193\" data-element_type=\"widget\" data-widget_type=\"text-editor.default\">\n\t\t\t\t<div class=\"elementor-widget-container\">\n\t\t\t\t\t\t\t\t<div class=\"elementor-text-editor elementor-clearfix\">\n\t\t\t\t<p>K\u00f6nig Immobilien ist <a href=\"https:\/\/www.koenig-sylt.de\/immobilien\/unternehmen\/historie\/\" target=\"_blank\" rel=\"noopener\">der \u00e4lteste Makler<\/a> der Insel Sylt und immer auf H\u00f6he der Zeit geblieben. Wir haben nicht nur die Expansion als Feriendomizil f\u00fcr Millionen G\u00e4ste, sondern auch die gestiegenen Anspr\u00fcche auf dem Immobilienmarkt miterlebt. Dazu geh\u00f6rt zum Beispiel die Nutzung moderner Technologien, um potenzielle Immobilienk\u00e4ufer gezielt anzusprechen. Dabei spielen Bilder eine ganz zentrale Rolle. Mit dem Einsatz neuester Kameratechniken gelingt es uns, <a href=\"https:\/\/www.koenig-sylt.de\/immobilien\/eigentuemer\/\" target=\"_blank\" rel=\"noopener\">Verkaufs- und Vermietungsobjekte<\/a> ganzheitlich zu erfassen.<\/p><p><span style=\"text-align: left;\">Wer nach\u00a0<\/span><a style=\"background-color: #ffffff; text-align: left;\" href=\"https:\/\/www.koenig-sylt.de\/immobilien\/immobilien-sylt\/immobiliensuche-auf-sylt\/\" target=\"_blank\" rel=\"noopener\">Immobilien auf Sylt<\/a><span style=\"text-align: left;\">\u00a0sucht, wird im Netz schnell f\u00fcndig. Bei manchen Inseraten fragt man sich jedoch, ob es sich um Immobilien- oder Urlaubsbilder handelt, denn immer wieder tauchen Fotografien von Strandabschnitten oder der Westerl\u00e4nder Shoppingmeile auf. Aussagekr\u00e4ftige Bilder des Verkaufsobjektes? Fehlanzeige. Bei K\u00f6nig Immobilien arbeiten wir bei der Vermittlung von H\u00e4usern und Wohnungen nach einem anderen Prinzip: Wir lichten\u00a0<\/span><a style=\"background-color: #ffffff; text-align: left;\" href=\"https:\/\/www.koenig-sylt.de\/immobilien\/eigentuemer\/\" target=\"_blank\" rel=\"noopener\">Ihre Immobilie<\/a><span style=\"text-align: left;\"> m\u00f6glichst ma\u00dfstabsgetreu ab, was uns dank Fotografien aus der Luft noch besser gelingt. Hier l\u00e4sst sich gleich erkennen, wie die Grundst\u00fccksabmessungen ausfallen und wie gro\u00df die Abst\u00e4nde zum Nachbarn sind. Verschiedene Blickwinkel erm\u00f6glichen zudem eine Rundumsicht \u00fcber die Immobilie und die n\u00e4here Umgebung &#8211; Wir sind Ihr Full-Service Immobilienmakler auf Sylt<\/span><\/p>\t\t\t\t\t<\/div>\n\t\t\t\t\t\t<\/div>\n\t\t\t\t<\/div>\n\t\t\t\t\t\t<\/div>\n\t\t\t\t\t<\/div>\n\t\t<\/div>\n\t\t\t\t\t\t\t\t<\/div>\n\t\t\t\t\t<\/div>\n\t\t<\/section>\n\t\t\t\t<section data-dce-background-overlay-color=\"#000000\" data-dce-background-image-url=\"https:\/\/www.koenig-sylt.de\/immobilien\/wp-content\/uploads\/2021\/04\/Dorfteich.jpg\" class=\"elementor-section elementor-top-section elementor-element elementor-element-245dd705 elementor-section-boxed elementor-section-height-default elementor-section-height-default\" data-id=\"245dd705\" data-element_type=\"section\" data-settings=\"{&quot;background_background&quot;:&quot;classic&quot;}\">\n\t\t\t\t\t\t\t<div class=\"elementor-background-overlay\"><\/div>\n\t\t\t\t\t\t\t<div class=\"elementor-container elementor-column-gap-default\">\n\t\t\t\t\t\t\t<div class=\"elementor-row\">\n\t\t\t\t\t<div class=\"elementor-column elementor-col-100 elementor-top-column elementor-element elementor-element-603f796b\" data-id=\"603f796b\" data-element_type=\"column\">\n\t\t\t<div class=\"elementor-column-wrap elementor-element-populated\">\n\t\t\t\t\t\t\t<div class=\"elementor-widget-wrap\">\n\t\t\t\t\t\t<div class=\"elementor-element elementor-element-30f2bd7c beon-h4 elementor-widget elementor-widget-heading\" data-id=\"30f2bd7c\" data-element_type=\"widget\" data-widget_type=\"heading.default\">\n\t\t\t\t<div class=\"elementor-widget-container\">\n\t\t\t<h2 class=\"elementor-heading-title elementor-size-default\">Wenningstedt<\/h2>\t\t<\/div>\n\t\t\t\t<\/div>\n\t\t\t\t<div class=\"elementor-element elementor-element-3791ea4e elementor-widget elementor-widget-heading\" data-id=\"3791ea4e\" data-element_type=\"widget\" data-widget_type=\"heading.default\">\n\t\t\t\t<div class=\"elementor-widget-container\">\n\t\t\t<h2 class=\"elementor-heading-title elementor-size-default\">WO MEER UND FAMILIE ZUSAMMENFINDEN.<\/h2>\t\t<\/div>\n\t\t\t\t<\/div>\n\t\t\t\t\t\t<\/div>\n\t\t\t\t\t<\/div>\n\t\t<\/div>\n\t\t\t\t\t\t\t\t<\/div>\n\t\t\t\t\t<\/div>\n\t\t<\/section>\n\t\t\t\t<section class=\"elementor-section elementor-top-section elementor-element elementor-element-3b7c18a3 mobil-padding-beon elementor-section-boxed elementor-section-height-default elementor-section-height-default\" data-id=\"3b7c18a3\" data-element_type=\"section\">\n\t\t\t\t\t\t<div class=\"elementor-container elementor-column-gap-default\">\n\t\t\t\t\t\t\t<div class=\"elementor-row\">\n\t\t\t\t\t<div class=\"elementor-column elementor-col-100 elementor-top-column elementor-element elementor-element-155c5840\" data-id=\"155c5840\" data-element_type=\"column\">\n\t\t\t<div class=\"elementor-column-wrap elementor-element-populated\">\n\t\t\t\t\t\t\t<div class=\"elementor-widget-wrap\">\n\t\t\t\t\t\t<div class=\"elementor-element elementor-element-c1248c3 elementor-widget elementor-widget-heading\" data-id=\"c1248c3\" data-element_type=\"widget\" data-widget_type=\"heading.default\">\n\t\t\t\t<div class=\"elementor-widget-container\">\n\t\t\t<h3 class=\"elementor-heading-title elementor-size-default\">H\u00d6HERE ABSCHLUSSQUOTE BEI K\u00c4UFERN DANK LUFTAUFNAHMEN<\/h3>\t\t<\/div>\n\t\t\t\t<\/div>\n\t\t\t\t<div class=\"elementor-element elementor-element-6b132a48 elementor-widget elementor-widget-text-editor\" data-id=\"6b132a48\" data-element_type=\"widget\" data-widget_type=\"text-editor.default\">\n\t\t\t\t<div class=\"elementor-widget-container\">\n\t\t\t\t\t\t\t\t<div class=\"elementor-text-editor elementor-clearfix\">\n\t\t\t\t<p>Zu einem hochwertigen Expos\u00e9 geh\u00f6ren mittlerweile auch Luftaufnahmen. Sie werden von Kunden als besonders ansprechend bewertet, was ein reelles Interesse weckt. Die Technik tr\u00e4gt sogar dazu bei, dass es zu weniger Besichtigungsterminen kommt und dennoch eine gute Trefferquote bei der erfolgreichen <a href=\"https:\/\/www.koenig-sylt.de\/immobilien\/interessenten\/\" target=\"_blank\" rel=\"noopener\">Immobilienvermittlung<\/a> erzielt wird. Spricht ein Haus oder eine Wohnung aufgrund der Lagebedingungen nicht zu, erkennen Interessenten dies sofort auf Luftbildern. Sie m\u00fcssen also nicht erst die Reise nach Sylt antreten und dort einen gemeinsamen Besichtigungstermin mit Eigent\u00fcmern oder Vermietern vereinbaren. Trifft eine Immobilie den Kundengeschmack, kann es mit der Vermittlung durchaus schnell gehen.<\/p>\t\t\t\t\t<\/div>\n\t\t\t\t\t\t<\/div>\n\t\t\t\t<\/div>\n\t\t\t\t\t\t<\/div>\n\t\t\t\t\t<\/div>\n\t\t<\/div>\n\t\t\t\t\t\t\t\t<\/div>\n\t\t\t\t\t<\/div>\n\t\t<\/section>\n\t\t\t\t<section class=\"elementor-section elementor-top-section elementor-element elementor-element-1034dcf9 mobil-padding-beon elementor-section-boxed elementor-section-height-default elementor-section-height-default\" data-id=\"1034dcf9\" data-element_type=\"section\">\n\t\t\t\t\t\t<div class=\"elementor-container elementor-column-gap-default\">\n\t\t\t\t\t\t\t<div class=\"elementor-row\">\n\t\t\t\t\t<div class=\"elementor-column elementor-col-100 elementor-top-column elementor-element elementor-element-70b6e5a0\" data-id=\"70b6e5a0\" data-element_type=\"column\">\n\t\t\t<div class=\"elementor-column-wrap elementor-element-populated\">\n\t\t\t\t\t\t\t<div class=\"elementor-widget-wrap\">\n\t\t\t\t\t\t<div class=\"elementor-element elementor-element-632077e9 elementor-widget elementor-widget-heading\" data-id=\"632077e9\" data-element_type=\"widget\" data-widget_type=\"heading.default\">\n\t\t\t\t<div class=\"elementor-widget-container\">\n\t\t\t<h3 class=\"elementor-heading-title elementor-size-default\">VIRTUELLE RUNDG\u00c4NGE<\/h3>\t\t<\/div>\n\t\t\t\t<\/div>\n\t\t\t\t<div class=\"elementor-element elementor-element-229f6b56 elementor-widget elementor-widget-text-editor\" data-id=\"229f6b56\" data-element_type=\"widget\" data-widget_type=\"text-editor.default\">\n\t\t\t\t<div class=\"elementor-widget-container\">\n\t\t\t\t\t\t\t\t<div class=\"elementor-text-editor elementor-clearfix\">\n\t\t\t\t<p>Gemeinsam mit den Fotos aus dem Innenbereich erm\u00f6glichen professionelle Luftaufnahmen einen virtuellen Rundgang. Die meisten Immobilien auf Sylt werden als Zweitwohnsitz oder Freizeitdomizil genutzt und sind somit nicht dauerhaft bewohnt. Interessenten kommen in der Regel von au\u00dferhalb, was eine Immobilienvermittlung durchaus erschweren kann. Solche F\u00e4lle sind f\u00fcr uns t\u00e4gliche Routine, und wir finden immer einen Weg, Besichtigungstermine zu erm\u00f6glichen. Bevor dieser zustande kommt, fragen wir aber zun\u00e4chst das tats\u00e4chliche Interesse potenzieller K\u00e4ufer ab.<\/p>\t\t\t\t\t<\/div>\n\t\t\t\t\t\t<\/div>\n\t\t\t\t<\/div>\n\t\t\t\t<div class=\"elementor-element elementor-element-66c5f41 elementor-widget elementor-widget-heading\" data-id=\"66c5f41\" data-element_type=\"widget\" data-widget_type=\"heading.default\">\n\t\t\t\t<div class=\"elementor-widget-container\">\n\t\t\t<h3 class=\"elementor-heading-title elementor-size-default\">LUFTAUFNAHMEN AUF SYLT<\/h3>\t\t<\/div>\n\t\t\t\t<\/div>\n\t\t\t\t<div class=\"elementor-element elementor-element-930bee6 elementor-widget elementor-widget-text-editor\" data-id=\"930bee6\" data-element_type=\"widget\" data-widget_type=\"text-editor.default\">\n\t\t\t\t<div class=\"elementor-widget-container\">\n\t\t\t\t\t\t\t\t<div class=\"elementor-text-editor elementor-clearfix\">\n\t\t\t\t<p>Hier haben sich Luft- und Digitalaufnahmen als extrem hilfreiches Tool erwiesen. Interessenten k\u00f6nnen vom Computer oder Smartphone aus die gesamte Lage erkennen, Entfernungen besser einsch\u00e4tzen und die N\u00e4he zum Strand bemessen. Sylt verf\u00fcgt \u00fcber ein sehr weitl\u00e4ufiges Areal, das sich aus der Vogelperspektive am besten erkunden l\u00e4sst. Diese Chance geben wir Immobilieninteressenten bereits vorab.<\/p>\t\t\t\t\t<\/div>\n\t\t\t\t\t\t<\/div>\n\t\t\t\t<\/div>\n\t\t\t\t\t\t<\/div>\n\t\t\t\t\t<\/div>\n\t\t<\/div>\n\t\t\t\t\t\t\t\t<\/div>\n\t\t\t\t\t<\/div>\n\t\t<\/section>\n\t\t\t\t<section class=\"elementor-section elementor-top-section elementor-element elementor-element-43af78fe zweispaltenblock elementor-section-boxed elementor-section-height-default elementor-section-height-default\" data-id=\"43af78fe\" data-element_type=\"section\">\n\t\t\t\t\t\t<div class=\"elementor-container elementor-column-gap-default\">\n\t\t\t\t\t\t\t<div class=\"elementor-row\">\n\t\t\t\t\t<div data-dce-background-image-url=\"https:\/\/www.koenig-sylt.de\/immobilien\/wp-content\/uploads\/2021\/04\/NIKL_2019-12-07_Buero-Rantum_083.jpg\" class=\"elementor-column elementor-col-50 elementor-top-column elementor-element elementor-element-2cda644c\" data-id=\"2cda644c\" data-element_type=\"column\" data-settings=\"{&quot;background_background&quot;:&quot;classic&quot;}\">\n\t\t\t<div class=\"elementor-column-wrap elementor-element-populated\">\n\t\t\t\t\t\t\t<div class=\"elementor-widget-wrap\">\n\t\t\t\t\t\t<div class=\"elementor-element elementor-element-39ff3014 elementor-widget elementor-widget-spacer\" data-id=\"39ff3014\" data-element_type=\"widget\" data-widget_type=\"spacer.default\">\n\t\t\t\t<div class=\"elementor-widget-container\">\n\t\t\t\t\t<div class=\"elementor-spacer\">\n\t\t\t<div class=\"elementor-spacer-inner\"><\/div>\n\t\t<\/div>\n\t\t\t\t<\/div>\n\t\t\t\t<\/div>\n\t\t\t\t\t\t<\/div>\n\t\t\t\t\t<\/div>\n\t\t<\/div>\n\t\t\t\t<div data-dce-background-color=\"#F4F1EC\" class=\"elementor-column elementor-col-50 elementor-top-column elementor-element elementor-element-5c7a94fd\" data-id=\"5c7a94fd\" data-element_type=\"column\" data-settings=\"{&quot;background_background&quot;:&quot;classic&quot;}\">\n\t\t\t<div class=\"elementor-column-wrap elementor-element-populated\">\n\t\t\t\t\t\t\t<div class=\"elementor-widget-wrap\">\n\t\t\t\t\t\t<div class=\"elementor-element elementor-element-5f7be8b elementor-widget elementor-widget-heading\" data-id=\"5f7be8b\" data-element_type=\"widget\" data-widget_type=\"heading.default\">\n\t\t\t\t<div class=\"elementor-widget-container\">\n\t\t\t<h2 class=\"elementor-heading-title elementor-size-default\">Wertermittlung UM den<\/h2>\t\t<\/div>\n\t\t\t\t<\/div>\n\t\t\t\t<div class=\"elementor-element elementor-element-13767f53 beon-h4 elementor-widget elementor-widget-heading\" data-id=\"13767f53\" data-element_type=\"widget\" data-widget_type=\"heading.default\">\n\t\t\t\t<div class=\"elementor-widget-container\">\n\t\t\t<h2 class=\"elementor-heading-title elementor-size-default\">Bestpreis f\u00fcr Ihre Immobilie zu sichern.<\/h2>\t\t<\/div>\n\t\t\t\t<\/div>\n\t\t\t\t<div class=\"elementor-element elementor-element-4002f4c5 elementor-widget elementor-widget-text-editor\" data-id=\"4002f4c5\" data-element_type=\"widget\" data-widget_type=\"text-editor.default\">\n\t\t\t\t<div class=\"elementor-widget-container\">\n\t\t\t\t\t\t\t\t<div class=\"elementor-text-editor elementor-clearfix\">\n\t\t\t\t<p>F\u00fcr eine erfolgreiche Vermarktung Ihrer Immobilie ist ein realistisch angesetzter Preis ma\u00dfgeblich. Wir von K\u00f6nig Immobilien \u00fcbernehmen f\u00fcr Sie die Wertermittlung sowie die dazugeh\u00f6rigen Kalkulationen. So erhalten Sie ein rechtskonformes und aussagekr\u00e4ftiges Bestpreisangebot f\u00fcr die Verhandlungen mit potenziellen K\u00e4ufern.\u00a0\u00a0<\/p>\t\t\t\t\t<\/div>\n\t\t\t\t\t\t<\/div>\n\t\t\t\t<\/div>\n\t\t\t\t<div class=\"elementor-element elementor-element-6d2892f2 gold-before elementor-widget elementor-widget-text-editor\" data-id=\"6d2892f2\" data-element_type=\"widget\" data-widget_type=\"text-editor.default\">\n\t\t\t\t<div class=\"elementor-widget-container\">\n\t\t\t\t\t\t\t\t<div class=\"elementor-text-editor elementor-clearfix\">\n\t\t\t\t<p><a href=\"https:\/\/www.koenig-sylt.de\/immobilien\/eigentuemer\/wertermittlung\/\">MEHR<\/a><\/p>\t\t\t\t\t<\/div>\n\t\t\t\t\t\t<\/div>\n\t\t\t\t<\/div>\n\t\t\t\t\t\t<\/div>\n\t\t\t\t\t<\/div>\n\t\t<\/div>\n\t\t\t\t\t\t\t\t<\/div>\n\t\t\t\t\t<\/div>\n\t\t<\/section>\n\t\t\t\t\t\t\t\t\t<\/div>\n\t\t\t<\/div>\n\t\t\t\t\t<\/div>\n\t\t","protected":false},"excerpt":{"rendered":"Erstklassige Luftaufnahmen f\u00fcr mehr Kundeninteresse. MEHR DETAILS aus der Vogelperspektive. K\u00f6nig [&hellip;]","protected":false},"author":2,"featured_media":0,"parent":5394,"menu_order":0,"comment_status":"closed","ping_status":"closed","template":"elementor_header_footer","meta":{"footnotes":""},"class_list":["post-2543","page","type-page","status-publish","hentry"],"acf":[],"yoast_head":"<!-- This site is optimized with the Yoast SEO plugin v27.3 - https:\/\/yoast.com\/product\/yoast-seo-wordpress\/ -->\n<title>Luftaufnahmen - K\u00f6nig Immobilien<\/title>\n<meta name=\"description\" content=\"Wir von K\u00f6nig Immobilien Sylt setzen bei der Vermittlung von Immobilien auf Luftaufnahmen, um das Kaufinteresse zu f\u00f6rdern.\" \/>\n<meta name=\"robots\" content=\"index, follow, max-snippet:-1, max-image-preview:large, max-video-preview:-1\" \/>\n<link rel=\"canonical\" href=\"https:\/\/www.koenig-sylt.de\/immobilien\/eigentuemer\/luftaufnahmen\/\" \/>\n<meta property=\"og:locale\" content=\"de_DE\" \/>\n<meta property=\"og:type\" content=\"article\" \/>\n<meta property=\"og:title\" content=\"Luftaufnahmen - K\u00f6nig Immobilien\" \/>\n<meta property=\"og:description\" content=\"Wir von K\u00f6nig Immobilien Sylt setzen bei der Vermittlung von Immobilien auf Luftaufnahmen, um das Kaufinteresse zu f\u00f6rdern.\" \/>\n<meta property=\"og:url\" content=\"https:\/\/www.koenig-sylt.de\/immobilien\/eigentuemer\/luftaufnahmen\/\" \/>\n<meta property=\"og:site_name\" content=\"K\u00f6nig Immobilien\" \/>\n<meta property=\"article:modified_time\" content=\"2025-12-11T11:54:12+00:00\" \/>\n<meta name=\"twitter:card\" content=\"summary_large_image\" \/>\n<meta name=\"twitter:label1\" content=\"Gesch\u00e4tzte Lesezeit\" \/>\n\t<meta name=\"twitter:data1\" content=\"3\u00a0Minuten\" \/>\n<script type=\"application\/ld+json\" class=\"yoast-schema-graph\">{\"@context\":\"https:\\\/\\\/schema.org\",\"@graph\":[{\"@type\":\"WebPage\",\"@id\":\"https:\\\/\\\/www.koenig-sylt.de\\\/immobilien\\\/eigentuemer\\\/luftaufnahmen\\\/\",\"url\":\"https:\\\/\\\/www.koenig-sylt.de\\\/immobilien\\\/eigentuemer\\\/luftaufnahmen\\\/\",\"name\":\"Luftaufnahmen - K\u00f6nig Immobilien\",\"isPartOf\":{\"@id\":\"https:\\\/\\\/www.koenig-sylt.de\\\/immobilien\\\/#website\"},\"datePublished\":\"2020-07-01T04:05:59+00:00\",\"dateModified\":\"2025-12-11T11:54:12+00:00\",\"description\":\"Wir von K\u00f6nig Immobilien Sylt setzen bei der Vermittlung von Immobilien auf Luftaufnahmen, um das Kaufinteresse zu f\u00f6rdern.\",\"breadcrumb\":{\"@id\":\"https:\\\/\\\/www.koenig-sylt.de\\\/immobilien\\\/eigentuemer\\\/luftaufnahmen\\\/#breadcrumb\"},\"inLanguage\":\"de\",\"potentialAction\":[{\"@type\":\"ReadAction\",\"target\":[\"https:\\\/\\\/www.koenig-sylt.de\\\/immobilien\\\/eigentuemer\\\/luftaufnahmen\\\/\"]}]},{\"@type\":\"BreadcrumbList\",\"@id\":\"https:\\\/\\\/www.koenig-sylt.de\\\/immobilien\\\/eigentuemer\\\/luftaufnahmen\\\/#breadcrumb\",\"itemListElement\":[{\"@type\":\"ListItem\",\"position\":1,\"name\":\"Startseite\",\"item\":\"https:\\\/\\\/www.koenig-sylt.de\\\/immobilien\\\/\"},{\"@type\":\"ListItem\",\"position\":2,\"name\":\"Eigent\u00fcmer\",\"item\":\"https:\\\/\\\/www.koenig-sylt.de\\\/immobilien\\\/eigentuemer\\\/\"},{\"@type\":\"ListItem\",\"position\":3,\"name\":\"Luftaufnahmen\"}]},{\"@type\":\"WebSite\",\"@id\":\"https:\\\/\\\/www.koenig-sylt.de\\\/immobilien\\\/#website\",\"url\":\"https:\\\/\\\/www.koenig-sylt.de\\\/immobilien\\\/\",\"name\":\"K\u00f6nig Immobilien\",\"description\":\"Immobilienmakler Sylt\",\"publisher\":{\"@id\":\"https:\\\/\\\/www.koenig-sylt.de\\\/immobilien\\\/#organization\"},\"potentialAction\":[{\"@type\":\"SearchAction\",\"target\":{\"@type\":\"EntryPoint\",\"urlTemplate\":\"https:\\\/\\\/www.koenig-sylt.de\\\/immobilien\\\/?s={search_term_string}\"},\"query-input\":{\"@type\":\"PropertyValueSpecification\",\"valueRequired\":true,\"valueName\":\"search_term_string\"}}],\"inLanguage\":\"de\"},{\"@type\":\"Organization\",\"@id\":\"https:\\\/\\\/www.koenig-sylt.de\\\/immobilien\\\/#organization\",\"name\":\"K\u00f6nig Immobilien\",\"url\":\"https:\\\/\\\/www.koenig-sylt.de\\\/immobilien\\\/\",\"logo\":{\"@type\":\"ImageObject\",\"inLanguage\":\"de\",\"@id\":\"https:\\\/\\\/www.koenig-sylt.de\\\/immobilien\\\/#\\\/schema\\\/logo\\\/image\\\/\",\"url\":\"https:\\\/\\\/www.koenig-sylt.de\\\/immobilien\\\/wp-content\\\/uploads\\\/2025\\\/11\\\/KOE_Immobilien_Logo_quer_RGB.png\",\"contentUrl\":\"https:\\\/\\\/www.koenig-sylt.de\\\/immobilien\\\/wp-content\\\/uploads\\\/2025\\\/11\\\/KOE_Immobilien_Logo_quer_RGB.png\",\"width\":57,\"height\":57,\"caption\":\"K\u00f6nig Immobilien\"},\"image\":{\"@id\":\"https:\\\/\\\/www.koenig-sylt.de\\\/immobilien\\\/#\\\/schema\\\/logo\\\/image\\\/\"}}]}<\/script>\n<!-- \/ Yoast SEO plugin. -->","yoast_head_json":{"title":"Luftaufnahmen - K\u00f6nig Immobilien","description":"Wir von K\u00f6nig Immobilien Sylt setzen bei der Vermittlung von Immobilien auf Luftaufnahmen, um das Kaufinteresse zu f\u00f6rdern.","robots":{"index":"index","follow":"follow","max-snippet":"max-snippet:-1","max-image-preview":"max-image-preview:large","max-video-preview":"max-video-preview:-1"},"canonical":"https:\/\/www.koenig-sylt.de\/immobilien\/eigentuemer\/luftaufnahmen\/","og_locale":"de_DE","og_type":"article","og_title":"Luftaufnahmen - K\u00f6nig Immobilien","og_description":"Wir von K\u00f6nig Immobilien Sylt setzen bei der Vermittlung von Immobilien auf Luftaufnahmen, um das Kaufinteresse zu f\u00f6rdern.","og_url":"https:\/\/www.koenig-sylt.de\/immobilien\/eigentuemer\/luftaufnahmen\/","og_site_name":"K\u00f6nig Immobilien","article_modified_time":"2025-12-11T11:54:12+00:00","twitter_card":"summary_large_image","twitter_misc":{"Gesch\u00e4tzte Lesezeit":"3\u00a0Minuten"},"schema":{"@context":"https:\/\/schema.org","@graph":[{"@type":"WebPage","@id":"https:\/\/www.koenig-sylt.de\/immobilien\/eigentuemer\/luftaufnahmen\/","url":"https:\/\/www.koenig-sylt.de\/immobilien\/eigentuemer\/luftaufnahmen\/","name":"Luftaufnahmen - K\u00f6nig Immobilien","isPartOf":{"@id":"https:\/\/www.koenig-sylt.de\/immobilien\/#website"},"datePublished":"2020-07-01T04:05:59+00:00","dateModified":"2025-12-11T11:54:12+00:00","description":"Wir von K\u00f6nig Immobilien Sylt setzen bei der Vermittlung von Immobilien auf Luftaufnahmen, um das Kaufinteresse zu f\u00f6rdern.","breadcrumb":{"@id":"https:\/\/www.koenig-sylt.de\/immobilien\/eigentuemer\/luftaufnahmen\/#breadcrumb"},"inLanguage":"de","potentialAction":[{"@type":"ReadAction","target":["https:\/\/www.koenig-sylt.de\/immobilien\/eigentuemer\/luftaufnahmen\/"]}]},{"@type":"BreadcrumbList","@id":"https:\/\/www.koenig-sylt.de\/immobilien\/eigentuemer\/luftaufnahmen\/#breadcrumb","itemListElement":[{"@type":"ListItem","position":1,"name":"Startseite","item":"https:\/\/www.koenig-sylt.de\/immobilien\/"},{"@type":"ListItem","position":2,"name":"Eigent\u00fcmer","item":"https:\/\/www.koenig-sylt.de\/immobilien\/eigentuemer\/"},{"@type":"ListItem","position":3,"name":"Luftaufnahmen"}]},{"@type":"WebSite","@id":"https:\/\/www.koenig-sylt.de\/immobilien\/#website","url":"https:\/\/www.koenig-sylt.de\/immobilien\/","name":"K\u00f6nig Immobilien","description":"Immobilienmakler Sylt","publisher":{"@id":"https:\/\/www.koenig-sylt.de\/immobilien\/#organization"},"potentialAction":[{"@type":"SearchAction","target":{"@type":"EntryPoint","urlTemplate":"https:\/\/www.koenig-sylt.de\/immobilien\/?s={search_term_string}"},"query-input":{"@type":"PropertyValueSpecification","valueRequired":true,"valueName":"search_term_string"}}],"inLanguage":"de"},{"@type":"Organization","@id":"https:\/\/www.koenig-sylt.de\/immobilien\/#organization","name":"K\u00f6nig Immobilien","url":"https:\/\/www.koenig-sylt.de\/immobilien\/","logo":{"@type":"ImageObject","inLanguage":"de","@id":"https:\/\/www.koenig-sylt.de\/immobilien\/#\/schema\/logo\/image\/","url":"https:\/\/www.koenig-sylt.de\/immobilien\/wp-content\/uploads\/2025\/11\/KOE_Immobilien_Logo_quer_RGB.png","contentUrl":"https:\/\/www.koenig-sylt.de\/immobilien\/wp-content\/uploads\/2025\/11\/KOE_Immobilien_Logo_quer_RGB.png","width":57,"height":57,"caption":"K\u00f6nig Immobilien"},"image":{"@id":"https:\/\/www.koenig-sylt.de\/immobilien\/#\/schema\/logo\/image\/"}}]}},"_links":{"self":[{"href":"https:\/\/www.koenig-sylt.de\/immobilien\/wp-json\/wp\/v2\/pages\/2543","targetHints":{"allow":["GET"]}}],"collection":[{"href":"https:\/\/www.koenig-sylt.de\/immobilien\/wp-json\/wp\/v2\/pages"}],"about":[{"href":"https:\/\/www.koenig-sylt.de\/immobilien\/wp-json\/wp\/v2\/types\/page"}],"author":[{"embeddable":true,"href":"https:\/\/www.koenig-sylt.de\/immobilien\/wp-json\/wp\/v2\/users\/2"}],"replies":[{"embeddable":true,"href":"https:\/\/www.koenig-sylt.de\/immobilien\/wp-json\/wp\/v2\/comments?post=2543"}],"version-history":[{"count":170,"href":"https:\/\/www.koenig-sylt.de\/immobilien\/wp-json\/wp\/v2\/pages\/2543\/revisions"}],"predecessor-version":[{"id":15814,"href":"https:\/\/www.koenig-sylt.de\/immobilien\/wp-json\/wp\/v2\/pages\/2543\/revisions\/15814"}],"up":[{"embeddable":true,"href":"https:\/\/www.koenig-sylt.de\/immobilien\/wp-json\/wp\/v2\/pages\/5394"}],"wp:attachment":[{"href":"https:\/\/www.koenig-sylt.de\/immobilien\/wp-json\/wp\/v2\/media?parent=2543"}],"curies":[{"name":"wp","href":"https:\/\/api.w.org\/{rel}","templated":true}]}}